{"id":27,"date":"2015-06-09T16:28:55","date_gmt":"2015-06-09T14:28:55","guid":{"rendered":"http:\/\/www.westcoastswing.at\/wordpress\/?page_id=27"},"modified":"2026-02-24T12:12:50","modified_gmt":"2026-02-24T11:12:50","slug":"wcs-workshops","status":"publish","type":"page","link":"https:\/\/www.westcoastswing.at\/wordpress\/wcs-workshops\/","title":{"rendered":"WCS Anf\u00e4nger Workshops"},"content":{"rendered":"<h1 style=\"text-align: center;\"><span style=\"color: #ff0000;\">West Coast Swing Tanzen lernen<br \/><\/span><\/h1>\n<h1 style=\"text-align: center;\"><span style=\"color: #00ccff;\">\u00a0!!! Wir beginnen wieder ab 09.04.2026 !!!<\/span><\/h1>\n<h1 style=\"text-align: center;\"><span style=\"color: #00ccff;\">Unseren Anf\u00e4ngerworkshop ist Donnerstag um 18:00 Uhr<\/span> <span style=\"color: #00ccff;\"><br \/>Der Workshop dauert 6 Wochen<\/span>\u00a0<span style=\"color: #00ccff;\"> \u00e1 1,5 h\u00a0<\/span><\/h1>\n<h1 style=\"text-align: center;\"><span style=\"color: #00ccff;\">\u20ac 90,&#8211; \/ Pers.<br \/><strong><span style=\"color: #ff0000;\">Anmeldung gerne \u00fcber das <a href=\"https:\/\/www.westcoastswing.at\/wordpress\/anmeldung-anfaengertraining\/\">Anmeldeformular<\/a> oder auch einfach vorbeikommen<\/span><\/strong><br \/>Bei Fragen: <a href=\"mailto:info@westcoastswing.at\">info@westcoastswing.at<\/a> oder <\/span><\/h1>\n<h1 style=\"text-align: center;\"><span style=\"color: #00ccff;\">0676 \/ 72100 26<br \/><\/span><\/h1>\n<p>Der Workshop l\u00e4uft mehrmals im Jahr durch. Dadurch ist auch gew\u00e4hrleistet, das f\u00fcr dich eine passende Teilnahme m\u00f6glich wird.<\/p>\n<p>In diesem Level bekommst du eine Einf\u00fchrung in den Tanz.<br \/>Danach solltest du problemlos mit Partnern verschiedener Level tanzen k\u00f6nnen und die Grundlagen von WCS verstehen.<\/p>\n<p>Neben Grundschritt, 6-Count Basics, 8-Count Basics lernst du auch die wichtigsten Basic-Figuren die jeder West Coast Swing T\u00e4nzer oder T\u00e4nzerin beherrschen muss.<\/p>\n<p>Welche Schuhe eignen sich f\u00fcr West Coast Swing?<br \/>Getanzt wird in flachem Schuhwerk wie z.B. Tanzschuhe, Boogie-Schuhe, Toms oder auch Sneaker. Wichtig ist du f\u00fchlst dich wohl und kannst gut damit tanzen.<\/p>\n\n\n<p><\/p>\n","protected":false},"excerpt":{"rendered":"<p>West Coast Swing Tanzen lernen \u00a0!!! Wir beginnen wieder ab 09.04.2026 !!! Unseren Anf\u00e4ngerworkshop ist Donnerstag um 18:00 Uhr Der Workshop dauert 6 Wochen\u00a0 \u00e1 1,5 h\u00a0 \u20ac 90,&#8211; \/ Pers.Anmeldung gerne \u00fcber das Anmeldeformular oder auch einfach vorbeikommenBei Fragen: &hellip; <a href=\"https:\/\/www.westcoastswing.at\/wordpress\/wcs-workshops\/\">Weiterlesen <span class=\"meta-nav\">&rarr;<\/span><\/a><\/p>\n","protected":false},"author":1,"featured_media":0,"parent":0,"menu_order":0,"comment_status":"closed","ping_status":"closed","template":"","meta":{"footnotes":""},"class_list":["post-27","page","type-page","status-publish","hentry"],"_links":{"self":[{"href":"https:\/\/www.westcoastswing.at\/wordpress\/wp-json\/wp\/v2\/pages\/27","targetHints":{"allow":["GET"]}}],"collection":[{"href":"https:\/\/www.westcoastswing.at\/wordpress\/wp-json\/wp\/v2\/pages"}],"about":[{"href":"https:\/\/www.westcoastswing.at\/wordpress\/wp-json\/wp\/v2\/types\/page"}],"author":[{"embeddable":true,"href":"https:\/\/www.westcoastswing.at\/wordpress\/wp-json\/wp\/v2\/users\/1"}],"replies":[{"embeddable":true,"href":"https:\/\/www.westcoastswing.at\/wordpress\/wp-json\/wp\/v2\/comments?post=27"}],"version-history":[{"count":90,"href":"https:\/\/www.westcoastswing.at\/wordpress\/wp-json\/wp\/v2\/pages\/27\/revisions"}],"predecessor-version":[{"id":872,"href":"https:\/\/www.westcoastswing.at\/wordpress\/wp-json\/wp\/v2\/pages\/27\/revisions\/872"}],"wp:attachment":[{"href":"https:\/\/www.westcoastswing.at\/wordpress\/wp-json\/wp\/v2\/media?parent=27"}],"curies":[{"name":"wp","href":"https:\/\/api.w.org\/{rel}","templated":true}]}}